695*k + 69486. What is i(-2)?
96
Let l(o) = -3876*o - 155110. What is l(-40)?
-70
Let k(o) = 4356*o + 136262. What is k(-32)?
-3130
Let a(c) = -1132*c - 450. Determine a(1).
-1582
Let h(u) = 2*u**2 - 7446*u + 668110. Give h(92).
6
Let t(w) = -3*w**2 - 88*w - 1493. What is t(-23)?
-1056
Let a(n) = -n**3 - 195*n**2 + 3383*n - 109. What is a(16)?
3
Let r(p) = 2*p**3 + 105*p**2 - 3067*p - 159741. Determine r(-53).
1
Let l(n) = n**2 - 116*n + 771. Determine l(17).
-912
Let a(x) = -x**3 + 28*x**2 + 465*x - 2. Determine a(-12).
178
Let i(w) = 51*w**2 - 1726*w - 1. Calculate i(35).
2064
Let f(u) = 2*u**3 + 193*u**2 + 3931*u - 1433. Give f(-67).
41
Let i(l) = l**3 - 46*l**2 + 94*l + 420. Calculate i(43).
-1085
Let m(o) = 16467*o + 3639182. What is m(-221)?
-25
Let n(y) = -y**2 + 136*y - 504. Determine n(117).
1719
Let b(y) = -2*y**3 - 13*y**2 + 74*y + 363. Give b(-6).
-117
Let t(n) = 13*n**2 + 1341*n - 9811. Calculate t(-110).
-21
Let z(p) = -30704*p + 921130. Determine z(30).
10
Let i(v) = -2*v**3 - 7*v**2 + 5164*v + 15500. Determine i(-3).
-1
Let c(w) = 120*w**3 + 849*w**2 - 13*w - 259. Determine c(-7).
273
Let v(o) = o**2 - 2200*o + 30588. Give v(14).
-16
Let a(w) = -574*w - 5625. Calculate a(-10).
115
Let z(l) = -4953*l - 44692. What is z(-9)?
-115
Let p(z) = -263*z - 33920. Determine p(-128).
-256
Let d(v) = 1329*v**2 - 236579*v + 3020. Calculate d(178).
-6
Let r(d) = -146721*d + 293432. What is r(2)?
-10
Let j(l) = -182616*l - 6939412. Give j(-38).
-4
Let w(j) = -17*j**2 + 938*j - 5167. Calculate w(49).
-22
Let u(v) = v**3 + 8*v**2 - 34*v - 234. Determine u(-6).
42
Let s(y) = -200*y**2 + 147*y - 13. Determine s(3).
-1372
Let p(o) = -72*o**2 - 616*o - 37. What is p(-9)?
-325
Let a(o) = o**3 + 65*o**2 + 1027*o - 415. Determine a(-29).
78
Let z(g) = g**2 + 995*g - 50886. What is z(49)?
270
Let z(b) = -6*b**3 + 36*b**2 + 38*b - 69. Give z(6).
159
Let i(z) = -2*z**2 + 530*z - 34057. Calculate i(110).
43
Let i(c) = 3*c**2 - 16*c - 10638. Calculate i(-57).
21
Let v(y) = -35*y**2 + 946*y + 5571. Give v(32).
3
Let l(p) = p**3 + 164*p**2 + 5836*p + 389. Calculate l(-52).
-235
Let t(h) = 263*h + 2527. Give t(-9).
160
Let y(i) = -449*i**2 - 56131*i - 784. What is y(-125)?
-34
Let x(q) = 904*q + 4981. Calculate x(-6).
-443
Let f(k) = 3746*k - 131107. Calculate f(35).
3
Let x(p) = 91*p - 1290. Determine x(20).
530
Let q(u) = u**3 + 219*u**2 + 960*u + 67365. Determine q(-216).
-27
Let z(u) = 417*u + 19622. What is z(-47)?
23
Let h(o) = -o**3 + 3*o**2 + 15334*o - 30661. What is h(2)?
11
Let n(v) = 173*v**3 - 1558*v**2 + 12*v - 10. Give n(9).
17
Let f(i) = -i**3 - 19*i**2 + 325*i - 2887. Calculate f(-32).
25
Let u(c) = -30*c + 3415. What is u(138)?
-725
Let z(v) = -6491*v - 102295. Calculate z(-16).
1561
Let s(l) = -18285*l - 457134. What is s(-25)?
-9
Let m(a) = -2*a**3 - 88*a**2 + 250*a - 145. What is m(-47)?
1359
Let b(c) = c**3 - 38*c**2 + 174*c - 603. Calculate b(32).
-1179
Let u(b) = b**2 + 28*b + 366. Give u(-26).
314
Let q(w) = 472*w - 7330. What is q(16)?
222
Let u(o) = o**3 + 223*o**2 - 1255*o - 26282. Determine u(-228).
-62
Let l(o) = -o**2 - 121*o + 7889. Give l(47).
-7
Let u(b) = -2264*b - 72671. Calculate u(-32).
-223
Let h(l) = 19*l**2 - 2079*l - 3341. Calculate h(111).
-11
Let s(b) = -172*b**2 + 229*b - 3. Calculate s(1).
54
Let i(x) = 23*x**2 - 516*x + 97. Determine i(22).
-123
Let q(n) = -49629*n - 297866. What is q(-6)?
-92
Let s(m) = 3017*m + 325988. Give s(-108).
152
Let d(g) = 75*g**2 - 13*g + 26. Give d(-1).
114
Let l(p) = -4*p**3 + 21*p**2 - 62*p + 45. What is l(11)?
-3420
Let b(s) = 6*s**2 + 58860*s - 648184. Calculate b(11).
2
Let z(i) = 124*i - 1407. Determine z(12).
81
Let a(b) = -b**2 + 702*b + 12284. What is a(-17)?
61
Let y(h) = 1605*h - 9278. Give y(6).
352
Let d(r) = r**3 + 783*r**2 - 18542*r + 84. What is d(23)?
-8
Let p(r) = 2*r**3 + 28*r**2 + 51*r - 57. What is p(-12)?
-93
Let y(l) = -2842*l + 7404. Determine y(3).
-1122
Let r(w) = -14*w**2 + 1916*w - 13425. Calculate r(7).
-699
Let q(v) = -4*v**3 - 189*v**2 + 1022*v + 2. Determine q(5).
-113
Let u(v) = 189*v**3 + 1137*v**2 + 48*v + 202. What is u(-6)?
22
Let s(q) = -2177692*q - 15243847. Give s(-7).
-3
Let t(l) = -9*l**2 + 170*l - 1432. Calculate t(0).
-1432
Let m(u) = -117985*u + 4719406. Determine m(40).
6
Let l(u) = 1419*u - 14417. Determine l(10).
-227
Let t(a) = 58*a**2 - 627*a - 33. Calculate t(10).
-503
Let l(a) = 1278*a + 6208. What is l(-5)?
-182
Let j(q) = 384080*q - 57996078. Determine j(151).
2
Let g(y) = 217*y + 669. Give g(13).
3490
Let l(f) = -6702*f - 120860. Give l(-18).
-224
Let h(u) = -26*u**2 + 3593*u + 18001. Calculate h(-5).
-614
Let j(m) = m**2 + 41*m - 2773. Determine j(-76).
-113
Let x(t) = t**3 - 469*t**2 - 37714*t - 8580. Determine x(539).
44
Let f(m) = 752*m**2 - 2207*m - 3. Calculate f(3).
144
Let q(g) = 103*g**3 - 2268*g**2 - 5*g + 1061. Determine q(22).
-17
Let m(j) = -354*j - 55339. What is m(-155)?
-469
Let k(j) = 254*j - 17806. Calculate k(81).
2768
Let d(c) = c**2 - 3848*c - 139845. What is d(-36)?
-21
Let f(u) = -30*u**2 + 637*u + 3914. Give f(-5).
-21
Let h(u) = 10*u**2 + 312*u + 2139. Calculate h(-11).
-83
Let c(w) = -w**2 + 9860*w - 49270. Give c(5).
5
Let l(y) = -56*y**3 + 2*y**2 + 37*y + 76. What is l(-2)?
458
Let f(r) = r**2 - 811*r + 121384. Give f(198).
10
Let m(u) = 30*u**2 + 137*u - 1021. Determine m(4).
7
Let t(k) = 1344*k**2 - 6330*k + 4988. Calculate t(1).
2
Let o(p) = p**3 + 34660*p**2 + 173277*p + 13. Give o(-5).
3
Let m(s) = s**3 - 12*s**2 + 223*s - 413. Calculate m(2).
-7
Let z(m) = -3*m**2 + 179*m - 99. Calculate z(62).
-533
Let l(z) = -21*z**2 - 1772*z + 1124. Give l(-85).
19
Let p(k) = -k**2 - 15*k - 70. Give p(-4).
-26
Let d(w) = 13*w**2 - 312*w - 1300. What is d(28)?
156
Let i(y) = 12*y**2 + 2630*y - 27057. Calculate i(10).
443
Let p(c) = -270*c - 40973. Determine p(-152).
67
Let n(b) = -259*b**2 - 84434*b - 16. Give n(-326).
-16
Let u(s) = s**3 + 247*s**2 + 5539*s - 255. Determine u(-25).
20
Let t(u) = -u**2 - 23191*u + 1459. What is t(0)?
1459
Let n(y) = 4*y**2 + 218*y + 1548. Determine n(-53).
1230
Let o(j) = 339*j**2 - 56944*j - 228. What is o(168)?
1116
Let i(g) = 3171*g + 298087. Calculate i(-94).
13
Let f(u) = u**3 + 73*u**2 - 161*u - 620. What is f(-75)?
205
Let z(y) = 5552*y + 1010376. Calculate z(-182).
-88
Let c(b) = 3*b**2 + 201*b + 458. What is c(-65)?
68
Let v(d) = -7869*d + 1959399. Determine v(249).
18
Let h(o) = -7446*o**2 - 44400*o + 1651. Calculate h(-6).
-5
Let z(w) = -w**2 - 659*w - 84954. Calculate z(-176).
54
Let w(n) = -n**3 - 75*n**2 - 226*n - 98. Determine w(-72).
622
Let w(k) = 245*k**2 + 133*k + 158. Determine w(-1).
270
Let x(v) = -20722*v + 18815580. Determine x(908).
4
Let b(u) = -u**3 - 304*u**2 - 2067*u + 3557. What is b(-297)?
-7
Let o(d) = 44*d**2 + 3496*d + 3440. Calculate o(-1).
-12
Let q(u) = u**2 - 520*u - 18210. What is q(-33)?
39
Let v(x) = -x**3 - 72*x**2 - 173*x + 2616. What is v(-69)?
270
Let a(o) = 2*o**3 + 32*o**2 + 47*o + 660. Determine a(-16).
-92
Let v(b) = 14*b**2 + 1596*b - 418251. Determine v(125).
-1
Let i(n) = 5586*n - 770849. Give i(138).
19
Let s(f) = -3*f**3 - 47*f**2 + 224*f + 3552. Calculate s(-16).
224
Let a(j) = 2*j**3 - 939*j**2 + 447*j + 10316. Calculate a(469).
-2
Let p(m) = -646*m - 110116. What is p(-170)?
-296
Let x(b) = -518*b**2 + 516*b + 1. Determine x(1).
-1
Let a(u) = -u**2 - 16275*u + 832581. Calculate a(51).
-45
Let v(s) = -s**3 + 82*s**2 + 494*s - 221. Give v(-6).
-17
Let z(j) = 991*j - 114955. Determine z(116).
1
Let q(n) = -n**3 + 102*n**2 - 503*n + 73971. Calculate q(104).
27
Let l(t) = 2830*t**2 + 26*t + 192. What is l(0)?
192
Let s(q) = 126605*q - 1772475. Calculate s(14).
-5
Let u(g) = g**3 + 65*g**2 + 352*g - 214. What is u(-59)?
-96
Let g(h) = 265*h**2 + 4883*h + 9. Determine g(-19).
2897
Let t(q) = 1627*q - 139905. Give t(86).
17
Let r(j) = 3*j**3 - 74*j**2 - 112*j + 13. Calculate r(26).
-195
Let z(r) = -3*r**2 - 1223*r + 26063. Determine z(-428).
-45
Let i(q) = 2*q**3 - 98*q**2 + 6*q - 366. Determine i(49).
-72
Let f(v) = 2*v**2 - 25882*v. Give f(0).
0
Let j(q) = -q**3 - 30*q**2 - 6*q - 3. Determine j(-9).
-1650
Let b(h) = 1741*h + 21042. What is b(-12)?
150
Let k(m) = 113*m**2 - 1526*m + 2045. What is k(12)?
5
Let o(u) = u**2 - 46